 u - 1. Let l(o) = 2*o. Let x(w) = -i(w) - l(w). Let k be x(-4). Let z = -4 - -69. Calculate the highest common factor of z and k.
13
Let f = 16 + -7. Suppose -5*q = 4*t + 60, f = t - q + 24. Let r be (-90)/(-1)*(-20)/t. Calculate the highest common factor of r and 15.
15
Let u(i) = -i**2 - i + 2*i + 4*i**2 + 5. Suppose -5*q + 14 = -1, -w - 4*q + 7 = 0. Let z be u(w). Calculate the highest common divisor of z and 15.
15
Let y = 595 - 347. What is the highest common divisor of y and 31?
31
Suppose -2*a + 69 = -q - 9, 5*q + 124 = 3*a. Let i be a/2 + 0 + 1. Let v(z) = -31*z - 1. Let p be v(-1). Calculate the highest common factor of i and p.
10
Let x be 20*-12*4/(-30). Let q(n) = 7*n**2 + 10*n - 1. Let o be q(-3). Calculate the greatest common factor of o and x.
32
Let r = 3 + -2. Suppose 0 = j - 4*b + 6*b - r, b + 13 = j. Calculate the greatest common divisor of 45 and j.
9
Let k = -45 + 57. Calculate the highest common divisor of k and 48.
12
Let v(g) = -g**3 - 22*g**2 - 8*g - 21. Let s be v(-22). Calculate the highest common factor of 31 and s.
31
Let y(j) = 25*j - 36. Let l be y(2). What is the greatest common factor of 2 and l?
2
Let z(s) = s**3 - s**2 + 4. Let f be z(0). Let l = 36 + -32. Calculate the highest common factor of l and f.
4
Suppose 5*s = -0*s - 15. Let b(k) = k**2 + 5. Let u be b(s). Suppose -242 = -3*i + 94. What is the greatest common factor of i and u?
14
Suppose 2*x + 18 = x. Let j be 68/18 - 4/x. Suppose 3*t - w = j*w + 112, -5*t - 5*w = -200. Calculate the highest common divisor of t and 13.
13
Let v be (-9 + 10)/(1/23). Calculate the highest common divisor of 207 and v.
23
Let n = 120 + -70. Let k(h) = 2*h + 4. Let u be k(3). What is the greatest common factor of u and n?
10
Let p = -23 - -39. Calculate the highest common factor of p and 128.
16
Suppose -v - i - i = -18, 2*v - 8 = 3*i. What is the highest common divisor of v and 10?
10
Suppose -10*w = -2*w - 1800. Calculate the greatest common factor of w and 25.
25
Let u = -97 + 100. Suppose -5*d - 3 = -2*y, 4*d + 3 = 3*y - 5. What is the greatest common divisor of u and d?
1
Let f = -82 - -112. What is the greatest common factor of f and 80?
10
Let q = 42 + -24. Let x = 26 - q. What is the highest common divisor of x and 24?
8
Let c = -58 + 88. Suppose -2*g - 6 = -3*g. Calculate the greatest common divisor of c and g.
6
Suppose -8 - 7 = -5*b. Let g be 1 - b/(3/(-2)). Let k be (0 + 12)/((-1)/(-2)). Calculate the greatest common divisor of k and g.
3
Suppose -2*i - 3*k = -33, -i + 6*k = 5*k - 19. What is the greatest common divisor of 9 and i?
9
Suppose -4*i - 3 = -31. Let k = 8 - 6. Suppose -k*m - 366 = -4*l - 54, 5*l + 4*m = 377. Calculate the highest common divisor of l and i.
7
Let h be (-6)/(-4)*(-278)/(-3). Suppose -h = -5*l + 186. Suppose 1 = 3*v - l. Calculate the highest common factor of 110 and v.
22
Suppose -2*s + 4*s - 24 = 0. Calculate the greatest common divisor of s and 30.
6
Suppose -2*u - 24 = -6*u. What is the greatest common divisor of u and 54?
6
Suppose -6 + 22 = 2*r. Let k be (-2)/r - (-100)/16. Suppose 0 = -o - k + 30. Calculate the greatest common divisor of 96 and o.
24
Let a(y) = y**3 + 2*y**2 - 8*y + 12. Let k be a(5). What is the highest common factor of 21 and k?
21
Let t = -35 - -115. Calculate the highest common factor of t and 20.
20
Let n = -30 - -43. What is the highest common factor of n and 52?
13
Suppose 0 = -3*s - 2 + 17, -2*l = 5*s + 71. Let c be l/10*30/(-9). Let v = c - 1. What is the highest common factor of 10 and v?
5
Let m be 3/(-6) - 199/2. Suppose 0 = 10*u - 14*u - 240. Let d = u - m. Calculate the highest common divisor of d and 5.
5
Let v = -112 - -127. What is the highest common divisor of v and 15?
15
Let x = -10 - -14. Suppose x*y - y = 6. Suppose -5*i - 20 = -2*a, -2*a + 2*i + y*i + 18 = 0. Calculate the greatest common factor of 15 and a.
5
Suppose -5*v = -3*z + 4, -5*z + 0*z + 16 = v. Calculate the highest common divisor of z and 33.
3
Suppose -4*v = -5*l - 145, 5*l + 4 + 1 = 0. Calculate the greatest common divisor of 14 and v.
7
Let b(z) = z**3 - 28*z**2 - 29*z + 1. Let a be b(29). Calculate the greatest common divisor of 8 and a.
1
Suppose -4*a = 2*b - 0 - 14, -2*a = -3*b + 5. Let i = 0 - -3. Calculate the greatest common factor of b and i.
3
Suppose 8 - 88 = -4*v. Suppose -72 - v = -4*a. Let b = a - 16. Calculate the greatest common factor of 35 and b.
7
Suppose 0 = 5*d + 2*j - 21, -5*j + 2*j = 4*d - 14. Suppose 3*h + v = 106, -3*h - 3*v - 78 = -d*h. What is the greatest common factor of h and 12?
12
Let w be 14*(3 - -2) + -5. What is the greatest common divisor of w and 52?
13
Let x = 85 + -41. Calculate the greatest common factor of x and 4.
4
Let m be 3/(-2)*(-6)/3. Suppose 3*q + 0*q = m. Calculate the highest common divisor of 4 and q.
1
Suppose -5*y - 6 + 76 = 0. What is the greatest common divisor of y and 2?
2
Let b(r) be the first derivative of 15*r**2 - 6. Let z be b(3). Let t(i) = 19*i - 2. Let n be t(2). Calculate the greatest common divisor of z and n.
18
Let g be (-2)/(-8) - 94/(-8). Let k be 1/(1 + (-14)/g). Let p be (12/8)/(k/(-440)). What is the greatest common factor of 10 and p?
10
Let t(i) = 6*i**2 + i - 2. Suppose -6 = 3*x - 0. Let j be t(x). Let y be 1 + -2*7/(-2). Calculate the highest common factor of j and y.
4
Let n(w) = 2*w**2 + 11*w + 2. Suppose 0 = 5*l + p + 39, 2*l - 3*l + 4*p = 12. Let t be n(l). Calculate the highest common factor of t and 14.
14
Let o(q) = 2*q + 198. Let g be (-3 + 3)/(2 + 0). Let j be o(g). Calculate the highest common factor of j and 22.
22
Suppose 4*a + 2*z - 20 = 0, 5*z = 3*z - 8. Calculate the greatest common divisor of 49 and a.
7
Let i(p) = -p + 4. Let m be i(0). Let s be ((-10)/(-25))/(2/10). Suppose -5*o + 49 = t, 2*o + s*o - 36 = -4*t. What is the greatest common divisor of o and m?
2
Let k be (0 + 2)*182/4. Let u(s) = 2*s**3 - 2*s**2 + 3*s - 1. Let m be u(2). What is the highest common divisor of k and m?
13
Let p(y) = -y - 9. Let l be p(16). Let j(b) = 7*b**3 - 2*b**2 + 1. Let a be j(2). Let x = a + l. What is the highest common factor of 60 and x?
12
Let t = 21 - 19. Suppose 0*r - 18 = -3*r - 3*x, t*r + 3*x = 14. What is the greatest common factor of 36 and r?
4
Let n = -43 - -47. Suppose 3*i + 13 = 2*z, -3*i - 2*i - 17 = -z. What is the greatest common divisor of n and z?
2
Let w(z) be the second derivative of z**3 - z**2 + z. Let b be w(2). What is the highest common divisor of 50 and b?
10
Let z = 55 - -59. Suppose -48 = -g - 2*r + z, 5*g + 4*r = 786. Let l(v) = -v + 2. Let q be l(-12). What is the highest common divisor of q and g?
14
Suppose 3*j + 16 = -5. Let a be 2/j + 6/21. Suppose -3*t + 5 + 4 = a. Calculate the highest common factor of t and 3.
3
Let b = 16 - 10. Suppose -n = -b + 2. Calculate the highest common divisor of n and 32.
4
Let x(c) = 5*c**2 - 7*c + 6. Let z be x(4). Calculate the greatest common divisor of z and 29.
29
Let t = 55 - 34. What is the greatest common divisor of 147 and t?
21
Let m be (-12)/(-2) + (-1)/1. Suppose 36 = y - m*y. Let a = y + 36. Calculate the greatest common divisor of a and 3.
3
Suppose 2*s = -5*f + 79, 5*s - 41 - 14 = -3*f. Let z(k) = 6*k - 63. Let l be z(33). What is the highest common divisor of f and l?
15
Let c(x) = -2 - 9 + 0 - 3*x + 0. Let f be c(-9). What is the highest common divisor of f and 8?
8
Let j = -47 - -49. Let t be 15 - -2*(-2)/(-4). What is the highest common factor of j and t?
2
Let a(f) = -f**3 - 4*f**2 - 4*f + 1. Let n be a(-5). Let v(b) = -b**3 - 6*b**2 + 6*b - 11. Let r be v(-8). Calculate the highest common factor of r and n.
23
Suppose 0 = 2*s - 64 + 18. What is the greatest common factor of 115 and s?
23
Let f(r) = -r + 9. Let z be f(5). Suppose 19 = -k + 5*q, -z*q + 32 = 2*k - 0*k. What is the greatest common factor of 66 and k?
6
Suppose -4*z - 7 + 91 = 0. Calculate the highest common divisor of z and 105.
21
Let w(q) = -5*q**2 - 10*q + 6. Let k(s) = -s**2 - s. Let n(t) = -6*k(t) + w(t). Let m be n(6). What is the highest common divisor of 27 and m?
9
Let p(u) = u**3 + 7*u**2 + 6*u - 4. Let b be p(-5). Calculate the greatest common factor of b and 96.
16
Let y be (-3 + 1)/((-5)/25). Let r(a) = -a**3 + 11*a**2 - 6*a - 14. Let i be r(y). Calculate the highest common fact